{"id":327,"date":"2026-01-21T09:08:54","date_gmt":"2026-01-21T09:08:54","guid":{"rendered":"https:\/\/blain2026.com\/?page_id=327"},"modified":"2026-02-21T12:55:34","modified_gmt":"2026-02-21T12:55:34","slug":"327-2","status":"publish","type":"page","link":"https:\/\/blain2026.com\/?page_id=327","title":{"rendered":"Notre programme"},"content":{"rendered":"\n<div class=\"wp-block-columns is-layout-flex wp-container-core-columns-is-layout-9d6595d7 wp-block-columns-is-layout-flex\">\n<div class=\"wp-block-column is-layout-flow wp-block-column-is-layout-flow\">\n<figure class=\"wp-block-image size-full has-custom-border is-style-rounded\"><img loading=\"lazy\" decoding=\"async\" width=\"1457\" height=\"2048\" src=\"https:\/\/blain2026.com\/wp-content\/uploads\/2026\/01\/615210030_122119166601058434_5513647692030380985_n.jpg\" alt=\"\" class=\"wp-image-328\" style=\"border-style:none;border-width:0px;border-radius:27px\" srcset=\"https:\/\/blain2026.com\/wp-content\/uploads\/2026\/01\/615210030_122119166601058434_5513647692030380985_n.jpg 1457w, https:\/\/blain2026.com\/wp-content\/uploads\/2026\/01\/615210030_122119166601058434_5513647692030380985_n-768x1080.jpg 768w, https:\/\/blain2026.com\/wp-content\/uploads\/2026\/01\/615210030_122119166601058434_5513647692030380985_n-1093x1536.jpg 1093w\" sizes=\"(max-width: 1457px) 100vw, 1457px\" \/><\/figure>\n<\/div>\n\n\n\n<div class=\"wp-block-column is-layout-flow wp-block-column-is-layout-flow\">\n<figure class=\"wp-block-image size-full has-custom-border\"><img loading=\"lazy\" decoding=\"async\" width=\"1457\" height=\"2048\" src=\"https:\/\/blain2026.com\/wp-content\/uploads\/2026\/01\/615949940_122119166565058434_2846235321456691542_n.jpg\" alt=\"\" class=\"wp-image-329\" style=\"border-radius:27px\" srcset=\"https:\/\/blain2026.com\/wp-content\/uploads\/2026\/01\/615949940_122119166565058434_2846235321456691542_n.jpg 1457w, https:\/\/blain2026.com\/wp-content\/uploads\/2026\/01\/615949940_122119166565058434_2846235321456691542_n-768x1080.jpg 768w, https:\/\/blain2026.com\/wp-content\/uploads\/2026\/01\/615949940_122119166565058434_2846235321456691542_n-1093x1536.jpg 1093w\" sizes=\"(max-width: 1457px) 100vw, 1457px\" \/><\/figure>\n<\/div>\n<\/div>\n\n\n\n<div class=\"wp-block-columns is-layout-flex wp-container-core-columns-is-layout-9d6595d7 wp-block-columns-is-layout-flex\">\n<div class=\"wp-block-column is-layout-flow wp-block-column-is-layout-flow\">\n<figure class=\"wp-block-image size-full\"><img loading=\"lazy\" decoding=\"async\" width=\"1448\" height=\"2048\" src=\"https:\/\/blain2026.com\/wp-content\/uploads\/2026\/02\/1.jpg\" alt=\"\" class=\"wp-image-362\" srcset=\"https:\/\/blain2026.com\/wp-content\/uploads\/2026\/02\/1.jpg 1448w, https:\/\/blain2026.com\/wp-content\/uploads\/2026\/02\/1-768x1086.jpg 768w, https:\/\/blain2026.com\/wp-content\/uploads\/2026\/02\/1-1086x1536.jpg 1086w, https:\/\/blain2026.com\/wp-content\/uploads\/2026\/02\/1-764x1080.jpg 764w\" sizes=\"(max-width: 1448px) 100vw, 1448px\" \/><\/figure>\n<\/div>\n\n\n\n<div class=\"wp-block-column is-layout-flow wp-block-column-is-layout-flow\">\n<figure class=\"wp-block-image size-full\"><img loading=\"lazy\" decoding=\"async\" width=\"1448\" height=\"2048\" src=\"https:\/\/blain2026.com\/wp-content\/uploads\/2026\/02\/2.jpg\" alt=\"\" class=\"wp-image-363\" srcset=\"https:\/\/blain2026.com\/wp-content\/uploads\/2026\/02\/2.jpg 1448w, https:\/\/blain2026.com\/wp-content\/uploads\/2026\/02\/2-768x1086.jpg 768w, https:\/\/blain2026.com\/wp-content\/uploads\/2026\/02\/2-1086x1536.jpg 1086w, https:\/\/blain2026.com\/wp-content\/uploads\/2026\/02\/2-764x1080.jpg 764w\" sizes=\"(max-width: 1448px) 100vw, 1448px\" \/><\/figure>\n<\/div>\n<\/div>\n\n\n\n<div class=\"wp-block-columns is-layout-flex wp-container-core-columns-is-layout-9d6595d7 wp-block-columns-is-layout-flex\">\n<div class=\"wp-block-column is-layout-flow wp-block-column-is-layout-flow\">\n<figure class=\"wp-block-image size-full\"><img loading=\"lazy\" decoding=\"async\" width=\"1448\" height=\"2048\" src=\"https:\/\/blain2026.com\/wp-content\/uploads\/2026\/02\/3.jpg\" alt=\"\" class=\"wp-image-364\" srcset=\"https:\/\/blain2026.com\/wp-content\/uploads\/2026\/02\/3.jpg 1448w, https:\/\/blain2026.com\/wp-content\/uploads\/2026\/02\/3-768x1086.jpg 768w, https:\/\/blain2026.com\/wp-content\/uploads\/2026\/02\/3-1086x1536.jpg 1086w, https:\/\/blain2026.com\/wp-content\/uploads\/2026\/02\/3-764x1080.jpg 764w\" sizes=\"(max-width: 1448px) 100vw, 1448px\" \/><\/figure>\n<\/div>\n\n\n\n<div class=\"wp-block-column is-layout-flow wp-block-column-is-layout-flow\">\n<figure class=\"wp-block-image size-full\"><img loading=\"lazy\" decoding=\"async\" width=\"1448\" height=\"2048\" src=\"https:\/\/blain2026.com\/wp-content\/uploads\/2026\/02\/4.jpg\" alt=\"\" class=\"wp-image-365\" srcset=\"https:\/\/blain2026.com\/wp-content\/uploads\/2026\/02\/4.jpg 1448w, https:\/\/blain2026.com\/wp-content\/uploads\/2026\/02\/4-768x1086.jpg 768w, https:\/\/blain2026.com\/wp-content\/uploads\/2026\/02\/4-1086x1536.jpg 1086w, https:\/\/blain2026.com\/wp-content\/uploads\/2026\/02\/4-764x1080.jpg 764w\" sizes=\"(max-width: 1448px) 100vw, 1448px\" \/><\/figure>\n<\/div>\n<\/div>\n\n\n\n<div style=\"height:47px\" aria-hidden=\"true\" class=\"wp-block-spacer\"><\/div>\n\n\n\n<figure class=\"wp-block-embed alignwide is-type-video is-provider-youtube wp-block-embed-youtube wp-embed-aspect-16-9 wp-has-aspect-ratio\"><div class=\"wp-block-embed__wrapper\">\n<iframe loading=\"lazy\" title=\"BLAIN \u00c9COUTER &amp; AGIR - Mobilit\u00e9s douces et s\u00e9curis\u00e9es\" width=\"500\" height=\"281\" src=\"https:\/\/www.youtube.com\/embed\/mGeqqtnb87Y?feature=oembed\" frameborder=\"0\" allow=\"accelerometer; autoplay; clipboard-write; encrypted-media; gyroscope; picture-in-picture; web-share\" referrerpolicy=\"strict-origin-when-cross-origin\" allowfullscreen><\/iframe>\n<\/div><\/figure>\n\n\n\n<figure class=\"wp-block-embed alignwide is-type-video is-provider-youtube wp-block-embed-youtube wp-embed-aspect-16-9 wp-has-aspect-ratio\"><div class=\"wp-block-embed__wrapper\">\n<iframe loading=\"lazy\" title=\"BLAIN \u00c9COUTER &amp; AGIR - Blain, ville accueillante, durable et accessible\" width=\"500\" height=\"281\" src=\"https:\/\/www.youtube.com\/embed\/GRYXReGGw24?feature=oembed\" frameborder=\"0\" allow=\"accelerometer; autoplay; clipboard-write; encrypted-media; gyroscope; picture-in-picture; web-share\" referrerpolicy=\"strict-origin-when-cross-origin\" allowfullscreen><\/iframe>\n<\/div><\/figure>\n\n\n\n<figure class=\"wp-block-embed is-type-video is-provider-youtube wp-block-embed-youtube wp-embed-aspect-16-9 wp-has-aspect-ratio\"><div class=\"wp-block-embed__wrapper\">\n<iframe loading=\"lazy\" title=\"BLAIN \u00c9COUTER &amp; AGIR - Offre m\u00e9dicale et service public\" width=\"500\" height=\"281\" src=\"https:\/\/www.youtube.com\/embed\/DvLgi40zE_A?feature=oembed\" frameborder=\"0\" allow=\"accelerometer; autoplay; clipboard-write; encrypted-media; gyroscope; picture-in-picture; web-share\" referrerpolicy=\"strict-origin-when-cross-origin\" allowfullscreen><\/iframe>\n<\/div><\/figure>\n\n\n\n<div class=\"wp-block-columns is-layout-flex wp-container-core-columns-is-layout-9d6595d7 wp-block-columns-is-layout-flex\">\n<div class=\"wp-block-column is-layout-flow wp-block-column-is-layout-flow\">\n<figure class=\"wp-block-embed alignwide is-type-video is-provider-youtube wp-block-embed-youtube wp-embed-aspect-9-16 wp-has-aspect-ratio\"><div class=\"wp-block-embed__wrapper\">\n<iframe loading=\"lazy\" title=\"BLAIN, \u00c9COUTER &amp; AGIR - La sant\u00e9 pr\u00e8s de chez vous, partout et pour tous\" width=\"422\" height=\"750\" src=\"https:\/\/www.youtube.com\/embed\/Zr03jRb3M4c?feature=oembed\" frameborder=\"0\" allow=\"accelerometer; autoplay; clipboard-write; encrypted-media; gyroscope; picture-in-picture; web-share\" referrerpolicy=\"strict-origin-when-cross-origin\" allowfullscreen><\/iframe>\n<\/div><\/figure>\n\n\n\n<figure class=\"wp-block-embed is-type-video is-provider-youtube wp-block-embed-youtube wp-embed-aspect-16-9 wp-has-aspect-ratio\"><div class=\"wp-block-embed__wrapper\">\n<iframe loading=\"lazy\" title=\"BLAIN, \u00c9COUTER &amp; AGIR - Les finances communales\" width=\"500\" height=\"281\" src=\"https:\/\/www.youtube.com\/embed\/Rja0V4eMfx0?feature=oembed\" frameborder=\"0\" allow=\"accelerometer; autoplay; clipboard-write; encrypted-media; gyroscope; picture-in-picture; web-share\" referrerpolicy=\"strict-origin-when-cross-origin\" allowfullscreen><\/iframe>\n<\/div><\/figure>\n<\/div>\n<\/div>\n\n\n\n<figure class=\"wp-block-embed is-type-video is-provider-youtube wp-block-embed-youtube wp-embed-aspect-9-16 wp-has-aspect-ratio\"><div class=\"wp-block-embed__wrapper\">\n<iframe loading=\"lazy\" title=\"BLAIN, \u00c9COUTER &amp; AGIR - Pr\u00e9venir, c\u2019est prot\u00e9ger durablement.\" width=\"422\" height=\"750\" src=\"https:\/\/www.youtube.com\/embed\/Va7UV7-6uBY?feature=oembed\" frameborder=\"0\" allow=\"accelerometer; autoplay; clipboard-write; encrypted-media; gyroscope; picture-in-picture; web-share\" referrerpolicy=\"strict-origin-when-cross-origin\" allowfullscreen><\/iframe>\n<\/div><\/figure>\n\n\n\n<figure class=\"wp-block-embed is-type-video is-provider-youtube wp-block-embed-youtube wp-embed-aspect-9-16 wp-has-aspect-ratio\"><div class=\"wp-block-embed__wrapper\">\n<iframe loading=\"lazy\" title=\"BLAIN, \u00c9COUTER &amp; AGIR - Blain, ville prot\u00e9g\u00e9e et s\u00e9curis\u00e9e\" width=\"422\" height=\"750\" src=\"https:\/\/www.youtube.com\/embed\/of3H4D8ioA4?feature=oembed\" frameborder=\"0\" allow=\"accelerometer; autoplay; clipboard-write; encrypted-media; gyroscope; picture-in-picture; web-share\" referrerpolicy=\"strict-origin-when-cross-origin\" allowfullscreen><\/iframe>\n<\/div><\/figure>\n\n\n\n<figure class=\"wp-block-embed is-type-video is-provider-youtube wp-block-embed-youtube wp-embed-aspect-9-16 wp-has-aspect-ratio\"><div class=\"wp-block-embed__wrapper\">\n<iframe loading=\"lazy\" title=\"BLAIN, \u00c9COUTER &amp; AGIR - Cadre de vie\" width=\"422\" height=\"750\" src=\"https:\/\/www.youtube.com\/embed\/uXXEkWxce4U?feature=oembed\" frameborder=\"0\" allow=\"accelerometer; autoplay; clipboard-write; encrypted-media; gyroscope; picture-in-picture; web-share\" referrerpolicy=\"strict-origin-when-cross-origin\" allowfullscreen><\/iframe>\n<\/div><\/figure>\n\n\n\n<figure class=\"wp-block-embed is-type-video is-provider-youtube wp-block-embed-youtube wp-embed-aspect-9-16 wp-has-aspect-ratio\"><div class=\"wp-block-embed__wrapper\">\n<iframe loading=\"lazy\" title=\"BLAIN, \u00c9COUTER &amp; AGIR - Commerces &amp; Artisanat\" width=\"422\" height=\"750\" src=\"https:\/\/www.youtube.com\/embed\/RMFEhTDkH9w?feature=oembed\" frameborder=\"0\" allow=\"accelerometer; autoplay; clipboard-write; encrypted-media; gyroscope; picture-in-picture; web-share\" referrerpolicy=\"strict-origin-when-cross-origin\" allowfullscreen><\/iframe>\n<\/div><\/figure>\n\n\n\n<figure class=\"wp-block-embed is-type-video is-provider-youtube wp-block-embed-youtube wp-embed-aspect-9-16 wp-has-aspect-ratio\"><div class=\"wp-block-embed__wrapper\">\n<iframe loading=\"lazy\" title=\"BLAIN, \u00c9COUTER &amp; AGIR - Cadre de vie\" width=\"422\" height=\"750\" src=\"https:\/\/www.youtube.com\/embed\/Hf7qkVYzS1s?feature=oembed\" frameborder=\"0\" allow=\"accelerometer; autoplay; clipboard-write; encrypted-media; gyroscope; picture-in-picture; web-share\" referrerpolicy=\"strict-origin-when-cross-origin\" allowfullscreen><\/iframe>\n<\/div><\/figure>\n\n\n\n<p><\/p>\n","protected":false},"excerpt":{"rendered":"","protected":false},"author":1,"featured_media":0,"parent":0,"menu_order":0,"comment_status":"closed","ping_status":"closed","template":"single-product","meta":{"saved_in_kubio":true,"footnotes":""},"class_list":["post-327","page","type-page","status-publish","hentry"],"kubio_ai_page_context":{"short_desc":"","purpose":"general"},"_links":{"self":[{"href":"https:\/\/blain2026.com\/index.php?rest_route=\/wp\/v2\/pages\/327","targetHints":{"allow":["GET"]}}],"collection":[{"href":"https:\/\/blain2026.com\/index.php?rest_route=\/wp\/v2\/pages"}],"about":[{"href":"https:\/\/blain2026.com\/index.php?rest_route=\/wp\/v2\/types\/page"}],"author":[{"embeddable":true,"href":"https:\/\/blain2026.com\/index.php?rest_route=\/wp\/v2\/users\/1"}],"replies":[{"embeddable":true,"href":"https:\/\/blain2026.com\/index.php?rest_route=%2Fwp%2Fv2%2Fcomments&post=327"}],"version-history":[{"count":11,"href":"https:\/\/blain2026.com\/index.php?rest_route=\/wp\/v2\/pages\/327\/revisions"}],"predecessor-version":[{"id":369,"href":"https:\/\/blain2026.com\/index.php?rest_route=\/wp\/v2\/pages\/327\/revisions\/369"}],"wp:attachment":[{"href":"https:\/\/blain2026.com\/index.php?rest_route=%2Fwp%2Fv2%2Fmedia&parent=327"}],"curies":[{"name":"wp","href":"https:\/\/api.w.org\/{rel}","templated":true}]}}